 - 45. What is the greatest common factor of l and c?
6
Let y be 140/(-30)*(-6)/4. What is the greatest common factor of y and 70?
7
Let n(b) = -b + 4. Let m be n(8). Let i be (m/(-2))/(11/44). What is the greatest common factor of i and 8?
8
Let l = 156 - 81. Suppose 7*r - l = 4*r. Calculate the highest common divisor of 10 and r.
5
Suppose 0 = 6*f - 2*f - 176. Suppose 3*p = -f + 128. Suppose -2*g - 4*x = -2*x - 142, 0 = 5*g + 2*x - 352. Calculate the greatest common factor of g and p.
14
Let n(a) = 5*a - 6. Let y be n(5). Suppose 3*h = y + 32. Let s(j) = 5*j**3 - j**2 - 2. Let t be s(2). What is the highest common divisor of t and h?
17
Suppose -3*c - 102 = -4*z, 4*z - 2*c - 98 = 3*c. Suppose 2*r + z - 7 = 0. Let b be 65/(-2)*8/r. What is the highest common factor of b and 65?
13
Let w(b) = -b**2 + 15*b + 10. Let m be w(11). What is the greatest common factor of 18 and m?
18
Suppose 320 = 35*h - 33*h. What is the highest common divisor of 32 and h?
32
Let u = 1 + 1. Let f(y) = -2*y**2 + y + 2. Let m be f(u). Let s be (-384)/4*m/6. Calculate the highest common divisor of s and 16.
16
Let o be (-38)/(-5)*(6 - 1). What is the highest common divisor of o and 190?
38
Let d = 372 + -163. What is the greatest common divisor of 19 and d?
19
Suppose -3*k - 7 = -5*x, -3*x + 1 = 4*k - 9. Suppose 0 = x*b + 2*b. Let i be 2 - (1 + 0) - b. Calculate the greatest common divisor of i and 11.
1
Let d(g) = 2*g**2 + 5*g - 3. Let t be d(5). Calculate the greatest common factor of t and 24.
24
Let k = 18 + 0. Let j = -7 - 3. Let g = 19 + j. Calculate the highest common factor of k and g.
9
Let q = 21 - 13. Let i = -5 + q. Suppose 0*h + h - 1 = 0. Calculate the greatest common factor of i and h.
1
Let i(b) = b**2 + b + 4. Let s be i(4). Let h = 16 - 6. Let o be h/(-35) - (-422)/7. Calculate the highest common factor of o and s.
12
Let x = 8 + 0. Let n(q) = -q**3 + 10*q**2 - 9*q + 8. Let h be n(9). Calculate the highest common divisor of h and x.
8
Suppose 10 = -0*q + 5*q. Let l be (-2)/q - (-22 + 5). Let c be 36/42*(-56)/(-2). Calculate the highest common divisor of l and c.
8
Suppose -c = -2*a + 3*a - 5, 5*a + 7 = -c. What is the greatest common divisor of c and 88?
8
Let u(o) = 7*o**2 + o - 1. Let q = 0 - -3. Let d be u(q). What is the greatest common divisor of 26 and d?
13
Suppose -1 = o - 7. Suppose 2 = -2*u - 4*h - o, 4*u - 3*h = 28. Calculate the highest common divisor of 12 and u.
4
Let n be 8/(-6)*12/(-8). Suppose -n*u + 41 + 31 = 0. Calculate the highest common divisor of u and 12.
12
Let q be (-2)/6 - (-165)/9. Suppose -2*i = -4*i + 4. Suppose -i*h = -h + 3*o - 21, o - 5 = 0. What is the highest common factor of q and h?
6
Let v(n) = -2*n**2 - 2*n + 1. Let l be v(-3). Let u = 9 + l. Let y = u - -5. What is the greatest common factor of y and 24?
3
Let x(v) = -4*v + 1. Let c be x(-10). Calculate the greatest common factor of c and 287.
41
Let p be 13 + -5*2/(-5). Let y be ((-18)/(-8) + -1)*8. Calculate the highest common factor of p and y.
5
Let i(y) = 2*y - 2. Let l be i(3). Let q be (-5 - -36) + 1 + 0. Calculate the greatest common factor of q and l.
4
Let a = -4 - -12. What is the highest common factor of a and 4?
4
Let j(w) = 2*w**2 - 3*w - 4. Let c be j(4). What is the greatest common divisor of c and 96?
16
Suppose 81 = 4*o - 0*o - i, 0 = -o + 2*i + 29. Suppose -3*r = 3*r - 114. What is the highest common divisor of r and o?
19
Let k(t) = -4*t. Let u be k(-4). Let n = u - 23. Let v(z) = z**2 + 7*z + 2. Let b be v(n). What is the greatest common divisor of 2 and b?
2
Let g = -18 + 31. Calculate the highest common divisor of g and 52.
13
Let a(t) = -t + 21. Let q be a(0). What is the greatest common divisor of q and 3?
3
Let p = -34 + 49. Let h = p + -8. Suppose h + 33 = 5*x. Calculate the highest common divisor of 1 and x.
1
Let d(c) = -c**3 + 3*c**2 + 5*c. Suppose -q - 12 = -4*q. Let m be d(q). What is the greatest common factor of m and 2?
2
Let z be (135/(-10))/(6/(-16)). What is the highest common factor of 24 and z?
12
Let c = -93 - -104. Suppose 4*o - 3*z = 103, -4*o + 3*z = 6*z - 73. Calculate the greatest common factor of o and c.
11
Let q = 289 + -179. Calculate the highest common factor of q and 11.
11
Let p be 6/4 + 60/8. Let a = p - 9. Suppose 5*n - 2*g - 59 = 0, n + g = -a*n + 16. Calculate the greatest common factor of n and 104.
13
Let m(w) = w + 5. Let u be m(-5). Suppose 2*f - 6 = 3*l + 7, 2*f + 2*l + 2 = u. What is the highest common divisor of 18 and f?
2
Let h = 3 - 4. Suppose -25 = -5*b - 2*v, 6*v - 3*v = -5*b + 25. Let w = b - h. What is the highest common factor of w and 6?
6
Suppose -2*p - 864 = -6*p. Let k = 6 - 4. Suppose -3*v + 64 = -k*v + 2*h, 2*h = 4*v - p. Calculate the greatest common factor of v and 14.
14
Suppose -i = 1, 4*i - i + 54 = 3*j. Calculate the greatest common factor of j and 17.
17
Let p(f) = 100*f**2 - f - 1. Let v be p(-1). Suppose q = -2*q + 15, -5*q + v = 5*m. Calculate the greatest common divisor of m and 45.
15
Suppose -3*n - 171 = 3*p, -p + 2*n = n + 53. Suppose -2*q - 48 - 106 = 0. Let k = p - q. What is the highest common factor of 55 and k?
11
Suppose -7*v = -5*v - 34. What is the greatest common factor of v and 17?
17
Let c = -35 + 39. Suppose -2*y + 25 = -5*q + c, 2*q = -2*y + 28. Let o = -148 - -291. What is the highest common factor of o and y?
13
Suppose -5*c + 2*t = -0*t - 356, -4*t = 5*c - 368. What is the highest common factor of 9 and c?
9
Let l(x) = x + 11. Let c be l(9). What is the greatest common factor of c and 50?
10
Suppose 0*w - 2 = -2*w. Let p be 0*(w/1)/(-1). Suppose -7 = -3*r + 4*v - 1, -3*r + v + 15 = p. What is the highest common divisor of r and 18?
6
Suppose 4*p - 5*t - 167 = 0, 2*t - 5*t = 5*p - 255. What is the highest common factor of p and 12?
12
Suppose 2*n = 7*n - 20. Suppose 0*g + 16 = n*g. Let w be (-9)/((-2 + g)/(-2)). Calculate the highest common divisor of w and 27.
9
Let v = -16 + 30. Suppose 5*s - 5 = 2*q, -2*q - 2*q + 17 = -s. Let c be 1/(((-5)/(-28))/q). What is the greatest common divisor of v and c?
14
Suppose 0 = 3*q + 4*s - 84, 33 = q + 5*s - 2*s. Calculate the highest common divisor of q and 3.
3
Suppose -43 - 21 = -5*y - o, -2*y + o + 20 = 0. Let x be 8*(-1 + 55/10). Calculate the highest common factor of x and y.
12
Let r(k) = 67*k**3 - 1. Let b = 0 - 0. Suppose -n + 1 + 0 = b. Let q be r(n). Calculate the greatest common divisor of 6 and q.
6
Let r = 25 + -24. Calculate the greatest common divisor of r and 3.
1
Let n(c) = 2*c**2 + 41*c - 48. Let o be n(-22). What is the greatest common factor of 18 and o?
18
Let z(l) be the first derivative of -2*l**2 + 2. Let f be z(-5). What is the greatest common factor of 5 and f?
5
Suppose -42 = -4*s - v, -6*s + 4*s - 4*v = -28. What is the greatest common divisor of s and 2?
2
Let o(a) = -a**2 + 2 - 26*a**3 + 1 - 4 + 2 + a. Let y(p) = -p. Let d be y(1). Let q be o(d). What is the greatest common divisor of q and 5?
5
Let l(f) = f**2 + 7*f + 4. Let n be l(-5). Let g = n - -8. What is the highest common factor of 5 and g?
1
Let x = -2 + 3. Let b(s) = 5*s + 3*s + 0*s. Let o be b(x). What is the greatest common divisor of 20 and o?
4
Let x = 90 + -54. Let b be 4/18 + 428/18. Calculate the greatest common factor of b and x.
12
Let j(r) = -2*r - 3. Let z be j(-5). Let f be (-18)/(-30) - 4/(-10). Calculate the highest common factor of f and z.
1
Suppose -f - 2*f = -135. Calculate the highest common divisor of 9 and f.
9
Let q = -270 - -765. What is the highest common divisor of 55 and q?
55
Let c(q) be the first derivative of -7*q**2/2 + 2. Let t be c(-1). What is the highest common factor of t and 77?
7
Suppose -3*z - 276 = -8*z + 2*t, z - 54 = t. Let k(y) = -12*y - 3. Let q be k(-2). Let f = -14 + q. What is the highest common factor of z and f?
7
Let f = -10 - -16. Let y(k) = 3*k**3 + 2*k + 1. Let g be y(2). Let x be (g - 0) + 1/1. What is the highest common factor of x and f?
6
Let y = -34 - -66. Let a(r) = -r**2 + 16*r - 20. Let p be a(14). Calculate the highest common factor of p and y.
8
Suppose -21 = 5*y - 61. Let g be (-6 + 8)/(2/y). Suppose -4*x - 92 = -4*k - k, -3*k = 4*x - 68. What is the greatest common divisor of k and g?
4
Let j = -35 + 70. What is the highest common divisor of 14 and j?
7
Let z = 